1).
-299
Let l(j) = j**3 + 19*j**2 - 22*j - 7. Give l(-20).
33
Let l(a) = a**3 + 16*a**2 + 11*a - 363. Determine l(-13).
1
Let i(a) = 98*a - 74. What is i(1)?
24
Let n(g) = 46*g + 292. Determine n(-10).
-168
Let y(v) = -v**2 - 217*v + 4767. Calculate y(20).
27
Let y(i) = 9*i**2 - 32*i - 3. Calculate y(5).
62
Let o(v) = -5*v**2 - 12*v + 6. Calculate o(-4).
-26
Let k(u) = -671*u - 3357. Calculate k(-5).
-2
Let f(d) = -d**3 - 38*d**2 + 269*d + 217. Determine f(-44).
-3
Let r(q) = -6*q**2 - 17*q - 36. Calculate r(-11).
-575
Let z(x) = 201*x**2 - 1211*x - 2. What is z(6)?
-32
Let h(g) = -2*g**2 - 171*g - 2645. What is h(-66)?
-71
Let q(l) = -761*l - 33485. What is q(-44)?
-1
Let o(t) = -t**3 + 22*t**2 + 44*t + 748. Calculate o(25).
-27
Let q(b) = 236*b - 12965. Give q(55).
15
Let q(r) = -2*r**3 - 241*r**2 - 1043*r + 105. Give q(-116).
-11
Let r(h) = -9*h + 139. Calculate r(25).
-86
Let m(o) = 165*o + 117. Give m(-1).
-48
Let b(x) = -4*x**2 - 87*x - 371. Give b(-5).
-36
Let t(k) = -19*k + 8. Calculate t(-1).
27
Let o(n) = 3*n**2 + 30*n - 17. Calculate o(-11).
16
Let x(n) = 16*n + 226. Determine x(-12).
34
Let b(g) = -2*g**3 - 7*g**2 + 24*g + 128. Determine b(-5).
83
Let v(i) = -259*i + 2338. Give v(9).
7
Let d(a) = -a**2 - 29*a + 39. Give d(-32).
-57
Let z(y) = -3*y**2 - 9*y + 31. Determine z(-22).
-1223
Let n(u) = -9*u + 82. Give n(22).
-116
Let d(u) = 9*u - 333. Give d(34).
-27
Let w(p) = p**2 - 12263*p + 24531. Determine w(2).
9
Let w(d) = d**2 + 21*d - 10. Determine w(-29).
222
Let a(g) = g**3 - 32*g**2 - 34*g - 175. Give a(33).
-208
Let x(o) = 31*o + 811. Calculate x(-26).
5
Let c(p) = 166*p - 802. What is c(6)?
194
Let a(l) = -l**2 - 45*l - 114. Determine a(-3).
12
Let u(i) = i**3 - 7*i**2 + 16*i - 51. What is u(8)?
141
Let o(u) = 9*u**2 - 625*u - 132. Calculate o(70).
218
Let o(h) = -h**3 - 8*h**2 - 17*h - 15. Give o(-2).
-5
Let d(b) = 39*b + 9. Determine d(-3).
-108
Let f(m) = -2*m**2 - 102*m - 1024. Give f(-36).
56
Let j(m) = m**2 + 1328*m + 6615. Give j(-5).
0
Let o(r) = -6*r**2 + 184*r - 125. Give o(30).
-5
Let u(p) = -19*p**2 - 550*p + 30. Calculate u(-29).
1
Let c(w) = 16*w**2 + 1379*w + 261. Determine c(-86).
3
Let t(s) = s**3 - 8*s**2 + 144*s - 1117. Give t(8).
35
Let m(t) = -74*t**2 - 9*t - 26. What is m(-2)?
-304
Let g(p) = -17*p - 71. Calculate g(-4).
-3
Let o(u) = u**2 - 27*u + 154. Determine o(8).
2
Let u(o) = 3*o**2 - 21*o + 4. What is u(-9)?
436
Let v(s) = -6*s**2 + 228*s - 217. Calculate v(37).
5
Let m(o) = -o**2 + 392*o - 35605. What is m(249)?
2
Let q(d) = 12*d**3 + 2*d**2 - 3. Calculate q(-1).
-13
Let z(c) = -c**3 + 9*c**2 + 38*c - 101. Calculate z(12).
-77
Let t(n) = -n**3 - 14*n**2 + 25*n - 24. Give t(-15).
-174
Let n(v) = -14*v - 222. Calculate n(-14).
-26
Let u(o) = 35*o - 707. Determine u(20).
-7
Let d(w) = -w**2 + 179*w - 7794. Give d(75).
6
Let s(x) = 9*x**3 - 73*x**2 + 34*x - 212. Give s(8).
-4
Let p(k) = -k**3 - 2*k**2 - 75*k - 220. What is p(-3)?
14
Let c(z) = 2267*z + 20403. Determine c(-9).
0
Let n(i) = 4*i**2 - 700*i + 1387. Determine n(2).
3
Let i(o) = o**3 + 38*o**2 + 37*o + 28. What is i(-37)?
28
Let u(v) = v**3 - 15*v**2 - v - 428. Give u(16).
-188
Let s(t) = 2*t**2 - 7*t - 36. Calculate s(15).
309
Let l(h) = -2*h**3 - 45*h**2 - 141*h - 7. Give l(-4).
-35
Let f(k) = -83*k + 84. Determine f(1).
1
Let w(u) = 26*u + 727. What is w(3)?
805
Let a(u) = -24*u**2 + 34*u + 69. Determine a(-2).
-95
Let j(o) = -2*o**3 + 87*o**2 - 831*o + 76. Determine j(14).
6
Let v(g) = g**2 - 24*g - 236. Determine v(21).
-299
Let y(a) = -a**3 + 3*a**2 - 169*a + 672. Give y(4).
-20
Let j(i) = 219*i - 2238. Calculate j(10).
-48
Let w(j) = -4*j**2 + 1045*j + 6291. Determine w(-6).
-123
Let d(s) = -s**3 + 77*s**2 - 352*s - 578. Give d(72).
-2
Let q(m) = m**2 + 8*m + 32. Determine q(-8).
32
Let f(i) = -23*i - 659. What is f(-28)?
-15
Let g(w) = 763*w - 30524. Determine g(40).
-4
Let h(n) = -n - 38. What is h(8)?
-46
Let y(w) = -w**2 + 650*w + 25. What is y(0)?
25
Let d(v) = 2*v + 12. What is d(20)?
52
Let p(k) = 12*k + 103. Determine p(-9).
-5
Let f(a) = a**3 + a**2 - 5*a - 264. What is f(0)?
-264
Let b(g) = -4*g**3 - 195*g**2 + 48*g - 50. Calculate b(-49).
-1
Let m(f) = 2*f**3 - 83*f**2 + 66*f + 2160. Calculate m(40).
0
Let t(m) = -2*m**2 - 418*m + 1267. What is t(3)?
-5
Let o(u) = -237*u + 2322. Give o(10).
-48
Let o(l) = l**3 - 25*l**2 - 68*l - 1414. Calculate o(29).
-22
Let u(y) = -y**3 - 10*y**2 - 34*y - 197. What is u(-9)?
28
Let g(n) = 27*n + 14. What is g(-6)?
-148
Let s(k) = -286*k - 3743. Determine s(-13).
-25
Let z(g) = -g**3 + 61*g**2 - 771*g - 130. Calculate z(43).
-1
Let a(q) = 86*q + 923. What is a(-8)?
235
Let i(b) = -14969*b + 59883. What is i(4)?
7
Let i(a) = -a**3 + a**2 + 107*a + 211. What is i(-2)?
9
Let k(z) = 38*z - 84. Calculate k(-9).
-426
Let s(o) = o**2 - 912*o - 11089. Determine s(-12).
-1
Let d(a) = 187*a - 7114. Determine d(38).
-8
Let m(u) = -u**3 + 15*u + 36. Determine m(-2).
14
Let k(o) = 2*o**3 - 65*o**2 + 31*o + 52. Give k(32).
20
Let x(w) = w**2 - 91*w - 9700. What is x(-63)?
2
Let g(u) = -3*u**3 + 6*u**2 + 22*u + 6. Calculate g(-2).
10
Let x(b) = b**3 + 34*b**2 - 243*b - 1961. Give x(10).
9
Let d(w) = -2*w**3 + 6*w**2 + 5*w + 27. Determine d(5).
-48
Let r(w) = w**2 + 67*w - 116. Calculate r(-50).
-966
Let t(b) = 8*b - 528. Give t(69).
24
Let a(u) = 49*u**2 + 976*u - 8. What is a(-20)?
72
Let n(u) = 12*u + 1728. What is n(-93)?
612
Let x(i) = -10*i + 84. What is x(23)?
-146
Let b(y) = -2*y**2 - 41*y - 224. Give b(-16).
-80
Let t(y) = y**3 + 8*y**2 - 194*y - 1546. Calculate t(-8).
6
Let r(y) = -y**3 + 29*y**2 - 62*y + 1048. Determine r(28).
96
Let j(s) = -1657*s + 2. Calculate j(0).
2
Let z(g) = -g**2 - 7*g + 20. Give z(-20).
-240
Let d(z) = 25*z + 148. Determine d(-6).
-2
Let m(p) = p**3 - 8*p**2 + 11*p - 12. Give m(5).
-32
Let l(p) = p**3 + 23*p**2 + 94*p + 277. What is l(-19)?
-65
Let h(q) = 22*q - 201. What is h(12)?
63
Let i(u) = -4*u**2 - 69*u + 450. What is i(5)?
5
Let h(r) = -r**2 - 142*r - 1440. Calculate h(-11).
1
Let k(w) = w**2 - 32*w - 151. Give k(21).
-382
Let h(f) = f**3 + 40*f**2 + 81*f - 25. What is h(-38)?
-215
Let j(u) = u**3 + 8*u**2 + 9*u - 46. What is j(-5)?
-16
Let s(o) = -2*o**2 + 172*o + 900. Calculate s(89).
366
Let m(q) = -3*q**3 + 11*q**2 + 3*q - 4. Determine m(0).
-4
Let q(f) = -2*f**3 - 2576*f + 19. What is q(0)?
19
Let w(d) = 3*d**2 + 29*d - 77. Give w(-12).
7
Let b(n) = 34*n**3 + 512*n**2 + 36*n + 75. Give b(-15).
-15
Let q(o) = -2*o**3 - 3*o**2 - 9. Give q(-3).
18
Let v(h) = 2*h**3 + 19*h**2 + 25*h + 20. What is v(-8)?
12
Let i(c) = c**3 - 13*c**2 - 54*c + 86. Give i(16).
-10
Let b(r) = 3*r**2 + 85*r - 353. Determine b(-32).
-1
Let a(g) = 27*g + 561. Determine a(-51).
-816
Let q(m) = 429*m - 85804. Determine q(200).
-4
Let d(l) = -424*l - 4227. Calculate d(-10).
13
Let p(u) = 4*u**2 + 149*u - 757. Give p(-42).
41
Let o(p) = -276*p - 559. Give o(-2).
-7
Let x(n) = -n**3 - 23*n**2 + 230*n + 4960. Give x(-24).
16
Let g(m) = -m**3 + 14*m**2 - 9*m - 104. What is g(4)?
20
Let v(j) = 13*j - 159. Give v(11).
-16
Let s(g) = -10*g**2 - 359*g + 20. Give s(-36).
-16
Let j(f) = -79*f**3 + 2*f**2 + 37*f - 35. What is j(1)?
-75
Let t(f) = 3586*f - 78885. What is t(22)?
7
Let q(o) = -20*o**3 + o**2 + 13*o - 28. Calculate q(2).
-158
Let l(a) = -a**2 - 5*a + 125. Calculate l(-14).
-1
Let m(v) = 5*v**3 + 134*v**2 + 109*v + 72. Calculate m(-26).
-58
Let r(q) = -95*q + 3. Determine r(-1).
98
Let r(y) = -684*y - 9496. Give r(-14).
80
Let c(r) = -6*r - 28. Determine c(-19).
86
Let s(q) = -3*q + 115. Calculate s(-13).
154
Let o(w) = 31*w**2 + 9*w + 8. Calculate o(-1).
30
Let d(y) = -3*y**2 - 8*y + 6. What is d(2)?
-22
Let d(m) = m**3 - 5*m**2 - 5*m - 5. Determine d(8).
147
Let c(w) = -2*w**2 + 75*w + 469. Give c(43).
-4
Let x(v) = -8362*v - 58548. Determine x(-7).
-14
Let p(g) = -208*g + 3772. Determine p(18).
28
Let b(c) = -46*c - 253. Calculate b(-10).
207
Let q(u) = -3*u**2 + 16*u - 36. Calculate q(2).
-16
Let m(t) = -23*t + 105. Give m(3).
36
Let x(t) = -3341*t - 80174. What is x(-24)?
10
Let g(k) = 2*k**3 - 21*k**2 - 57*k - 95. Give g(13).
9
Let k(z) = -1362*z - 23210. Give k(-17).
-56
Let l(i) = 6634*i - 159213. Determine l(24).
3
Let i(s) = 545*s + 3272. Determine i(-6).
2
Let w(q) 